{"id":33,"date":"2021-04-28T11:01:03","date_gmt":"2021-04-28T09:01:03","guid":{"rendered":"http:\/\/kolopsychoonkologii.ukw.edu.pl\/?page_id=33"},"modified":"2021-04-28T11:02:29","modified_gmt":"2021-04-28T09:02:29","slug":"2-czym-jest-psychoonkologia-ogolne-zagadnienia-slownik","status":"publish","type":"page","link":"https:\/\/kolopsychoonkologii.ukw.edu.pl\/?page_id=33","title":{"rendered":"Czym jest psychoonkologia &#8211; og\u00f3lne zagadnienia, s\u0142ownik"},"content":{"rendered":"\n<p><strong>Psychoonkologia <\/strong>scharakteryzowana przez Heu\u00dfner to \u201cdzia\u0142 onkologii, w kt\u00f3rym zespo\u0142y sk\u0142adaj\u0105ce si\u0119 profesjonalist\u00f3w z dziedziny psychologii, socjologii, pedagogiki spo\u0142ecznej, psychiatrii, onkologii, a tak\u017ce z duchowych i personelu piel\u0119gniarskiego zajmuj\u0105 si\u0119 reakcjami emocjonalnymi pacjent\u00f3w i ich bliskich oraz personelu, a tak\u017ce identyfikuj\u0105 czynniki psychospo\u0142eczne, kt\u00f3re wp\u0142ywaj\u0105 na zachorowalno\u015b\u0107 i \u015bmiertelno\u015b\u0107 z powodu raka\u201d.<br>Skupia si\u0119 ona nie tylko na obci\u0105\u017ceniach psychospo\u0142ecznych ale, tak\u017ce na subiektywnych i obiektywnych, psychosomatycznych oraz psychoterapeutycznych potrzebach w zakresie leczenia lub interwencji u pacjent\u00f3w onkologicznych, ich rodzin i opiekun\u00f3w.<\/p>\n\n\n\n<p><strong>Psychoonkolog <\/strong><strong>&#8211;<\/strong> jego rol\u0105 jest pomoc w poprawie jako\u015bci \u017cycia osoby chorej onkologicznie.&nbsp; \u0141agodzenie psychologicznych reakcji na chorob\u0119 pacjent\u00f3w oraz ich bliskich i opiekun\u00f3w, skupianie si\u0119 na czynnikach psychologicznych, maj\u0105cych pozytywny wp\u0142yw na zdrowienie i niwelowanie tych, kt\u00f3re zdrowieniu nie pomagaj\u0105 oraz pomoc w powrocie do funkcjonowania sprzed choroby po zako\u0144czonym leczeniu.<\/p>\n\n\n\n<p><strong>Nowotw\u00f3r<\/strong> to nieprawid\u0142owa tkanka, kt\u00f3ra powstaje na skutek niekontrolowanego&nbsp; namna\u017cania si\u0119 kom\u00f3rek nowotworowych (w przeciwie\u0144stwie do zdrowych kom\u00f3rek, kt\u00f3re dziel\u0105 si\u0119 w spos\u00f3b kontrolowany).<\/p>\n\n\n\n<p><strong>\u201eRak\u201d <\/strong>u\u017cywa si\u0119 w medycynie jedynie w przypadku z\u0142o\u015bliwych nowotwor\u00f3w nab\u0142onkowych.&nbsp;<\/p>\n\n\n\n<p><strong>Chemioterapia <\/strong>w onkologii: spos\u00f3b leczenia za pomoc\u0105 lek\u00f3w hamuj\u0105cych rozw\u00f3j lub niszcz\u0105cych kom\u00f3rki nowotworowe poprzez podane ich do kr\u0105\u017cenia og\u00f3lnosystemowego, g\u0142\u00f3wnie do\u017cylnie<\/p>\n\n\n\n<p><strong>Radioterapia<\/strong> jest metod\u0105 leczenia promieniowaniem jonizuj\u0105cym.<\/p>\n\n\n\n<p><strong>Immunoterapia<\/strong> polega na wykorzystaniu wzmocnienia odpowiedzi immunologicznej organizmu do leczenia nowotworu. Metoda ta pozwala na niszczenie kom\u00f3rek nowotworowych bez uszkodzenia innych kom\u00f3rek ustroju.<\/p>\n\n\n\n<p><strong>Hormonoterapia<\/strong> to metoda leczenia nowotwor\u00f3w hormonozale\u017cnych, Metoda ta opiera si\u0119 na zmianie \u015brodowiska hormonalnego, co hamuje wzrost tego typu nowotwor\u00f3w.<\/p>\n\n\n\n<p>Hormonoterapia i immunoterapia nie znajduj\u0105 zastosowania w leczeniu takich nowotwor\u00f3w jak mi\u0119saki.<\/p>\n\n\n\n<p><strong>Guz <\/strong>&#8211; nieprawid\u0142owy rozrost tkanki o przebiegu \u0142agodnym lub z\u0142o\u015bliwym<strong><\/strong><\/p>\n\n\n\n<p><strong>Guz \u0142agodny<\/strong> &#8211; nieprawid\u0142owy rozrost tkanki pozbawiony cech rakowych i zasadniczo nie zagra\u017caj\u0105cy zdrowiu<strong><\/strong><\/p>\n\n\n\n<p><strong>Guz z\u0142o\u015bliwy<\/strong> &#8211; nieprawid\u0142owy rozrost tkanki o cechach rakowych maj\u0105cy zdolno\u015b\u0107 przenoszenia si\u0119 na inne tkanki organizmu<strong><\/strong><\/p>\n\n\n\n<p><strong>Przerzut <\/strong>&#8211; proces przenoszenia si\u0119 guza z\u0142o\u015bliwego na odleg\u0142e cz\u0119\u015bci organizmu<strong><\/strong><\/p>\n\n\n\n<p><strong>Karcynogeny<\/strong> &#8211; substancje zdolne do przekszta\u0142cania zdrowych kom\u00f3rek w kom\u00f3rki rakowe<strong><\/strong><\/p>\n\n\n\n<p><strong>Onkogeny <\/strong>&#8211; geny odpowiedzialne za wzrost i reprodukcj\u0119 kom\u00f3rki, mog\u0105ce pe\u0142ni\u0107 g\u0142\u00f3wn\u0105 rol\u0119 w rozwoju raka<\/p>\n","protected":false},"excerpt":{"rendered":"<p>Psychoonkologia scharakteryzowana przez Heu\u00dfner to \u201cdzia\u0142 onkologii, w kt\u00f3rym zespo\u0142y sk\u0142adaj\u0105ce si\u0119 profesjonalist\u00f3w z dziedziny psychologii, socjologii, pedagogiki spo\u0142ecznej, psychiatrii, onkologii, a tak\u017ce z duchowych i personelu piel\u0119gniarskiego zajmuj\u0105 si\u0119 reakcjami emocjonalnymi pacjent\u00f3w i ich bliskich oraz personelu, a tak\u017ce identyfikuj\u0105 czynniki psychospo\u0142eczne, kt\u00f3re wp\u0142ywaj\u0105 na zachorowalno\u015b\u0107 i \u015bmiertelno\u015b\u0107 z powodu raka\u201d.Skupia si\u0119 ona nie [&hellip;]<\/p>\n","protected":false},"author":1,"featured_media":0,"parent":0,"menu_order":0,"comment_status":"closed","ping_status":"closed","template":"","meta":[],"_links":{"self":[{"href":"https:\/\/kolopsychoonkologii.ukw.edu.pl\/index.php?rest_route=\/wp\/v2\/pages\/33"}],"collection":[{"href":"https:\/\/kolopsychoonkologii.ukw.edu.pl\/index.php?rest_route=\/wp\/v2\/pages"}],"about":[{"href":"https:\/\/kolopsychoonkologii.ukw.edu.pl\/index.php?rest_route=\/wp\/v2\/types\/page"}],"author":[{"embeddable":true,"href":"https:\/\/kolopsychoonkologii.ukw.edu.pl\/index.php?rest_route=\/wp\/v2\/users\/1"}],"replies":[{"embeddable":true,"href":"https:\/\/kolopsychoonkologii.ukw.edu.pl\/index.php?rest_route=%2Fwp%2Fv2%2Fcomments&post=33"}],"version-history":[{"count":2,"href":"https:\/\/kolopsychoonkologii.ukw.edu.pl\/index.php?rest_route=\/wp\/v2\/pages\/33\/revisions"}],"predecessor-version":[{"id":36,"href":"https:\/\/kolopsychoonkologii.ukw.edu.pl\/index.php?rest_route=\/wp\/v2\/pages\/33\/revisions\/36"}],"wp:attachment":[{"href":"https:\/\/kolopsychoonkologii.ukw.edu.pl\/index.php?rest_route=%2Fwp%2Fv2%2Fmedia&parent=33"}],"curies":[{"name":"wp","href":"https:\/\/api.w.org\/{rel}","templated":true}]}}